e prime factors of 997?
997
List the prime factors of 1122.
2, 3, 11, 17
What are the prime factors of 5045?
5, 1009
List the prime factors of 100763.
13, 23, 337
What are the prime factors of 38820?
2, 3, 5, 647
What are the prime factors of 9647?
11, 877
List the prime factors of 611.
13, 47
List the prime factors of 1852.
2, 463
List the prime factors of 57523.
23, 41, 61
What are the prime factors of 783?
3, 29
What are the prime factors of 1324?
2, 331
What are the prime factors of 16442?
2, 8221
List the prime factors of 24439.
24439
What are the prime factors of 684?
2, 3, 19
What are the prime factors of 511?
7, 73
List the prime factors of 622.
2, 311
What are the prime factors of 3483?
3, 43
List the prime factors of 21.
3, 7
What are the prime factors of 10745?
5, 7, 307
List the prime factors of 13257.
3, 491
What are the prime factors of 550?
2, 5, 11
What are the prime factors of 2956?
2, 739
List the prime factors of 624.
2, 3, 13
List the prime factors of 25606.
2, 7, 31, 59
What are the prime factors of 2193?
3, 17, 43
What are the prime factors of 588?
2, 3, 7
What are the prime factors of 2565?
3, 5, 19
List the prime factors of 863.
863
List the prime factors of 1999.
1999
What are the prime factors of 36132?
2, 3, 3011
List the prime factors of 15369.
3, 47, 109
List the prime factors of 10566.
2, 3, 587
What are the prime factors of 30690?
2, 3, 5, 11, 31
What are the prime factors of 1655?
5, 331
List the prime factors of 18237.
3, 6079
List the prime factors of 36729.
3, 7, 11, 53
List the prime factors of 2978.
2, 1489
What are the prime factors of 11926?
2, 67, 89
What are the prime factors of 1350?
2, 3, 5
List the prime factors of 57418.
2, 19, 1511
What are the prime factors of 3210?
2, 3, 5, 107
What are the prime factors of 29013?
3, 19, 509
What are the prime factors of 2323?
23, 101
What are the prime factors of 25790?
2, 5, 2579
List the prime factors of 158045.
5, 73, 433
What are the prime factors of 7806?
2, 3, 1301
What are the prime factors of 4009?
19, 211
What are the prime factors of 2189?
11, 199
List the prime factors of 16546.
2, 8273
List the prime factors of 315.
3, 5, 7
List the prime factors of 945.
3, 5, 7
List the prime factors of 1591.
37, 43
What are the prime factors of 3762?
2, 3, 11, 19
What are the prime factors of 731?
17, 43
What are the prime factors of 8978?
2, 67
What are the prime factors of 2983?
19, 157
List the prime factors of 4117.
23, 179
List the prime factors of 283.
283
What are the prime factors of 3677?
3677
List the prime factors of 2162.
2, 23, 47
List the prime factors of 6966.
2, 3, 43
List the prime factors of 2042.
2, 1021
List the prime factors of 971.
971
List the prime factors of 63180.
2, 3, 5, 13
What are the prime factors of 666?
2, 3, 37
What are the prime factors of 4649?
4649
List the prime factors of 84870.
2, 3, 5, 23, 41
What are the prime factors of 13522?
2, 6761
List the prime factors of 2394.
2, 3, 7, 19
List the prime factors of 2092.
2, 523
What are the prime factors of 1485?
3, 5, 11
List the prime factors of 157130.
2, 5, 19, 827
What are the prime factors of 970?
2, 5, 97
List the prime factors of 7508.
2, 1877
What are the prime factors of 1912?
2, 239
What are the prime factors of 55944?
2, 3, 7, 37
What are the prime factors of 4835?
5, 967
What are the prime factors of 137084?
2, 43, 797
List the prime factors of 638.
2, 11, 29
What are the prime factors of 20748?
2, 3, 7, 13, 19
List the prime factors of 612.
2, 3, 17
List the prime factors of 23863.
7, 487
List the prime factors of 39067.
7, 5581
List the prime factors of 79629.
3, 11, 19, 127
List the prime factors of 1183.
7, 13
List the prime factors of 434.
2, 7, 31
What are the prime factors of 39777?
3, 13259
List the prime factors of 390.
2, 3, 5, 13
What are the prime factors of 1301?
1301
List the prime factors of 7602.
2, 3, 7, 181
List the prime factors of 21514.
2, 31, 347
List the prime factors of 68145.
3, 5, 7, 11, 59
List the prime factors of 1099.
7, 157
List the prime factors of 31.
31
What are the prime factors of 895?
5, 179
List the prime factors of 21542.
2, 10771
What are the prime factors of 16652?
2, 23, 181
What are the prime factors of 11572?
2, 11, 263
List the prime factors of 2293.
2293
What are the prime factors of 6814?
2, 3407
What are the prime factors of 52275?
3, 5, 17, 41
What are the prime factors of 2631?
3, 877
List the prime factors of 52087.
7, 1063
What are the prime factors of 81433?
11, 673
List the prime factors of 437.
19, 23
What are the prime factors of 230?
2, 5, 23
List the prime factors of 4341.
3, 1447
List the prime factors of 21481.
21481
List the prime factors of 1044.
2, 3, 29
List the prime factors of 2188.
2, 547
List the prime factors of 3763.
53, 71
What are the prime factors of 2567?
17, 151
List the prime factors of 3777.
3, 1259
What are the prime factors of 590?
2, 5, 59
List the prime factors of 6911.
6911
List the prime factors of 30123.
3, 3347
What are the prime factors of 1372?
2, 7
What are the prime factors of 2148?
2, 3, 179
List the prime factors of 4754.
2, 2377
List the prime factors of 802.
2, 401
List the prime factors of 86110.
2, 5, 79, 109
List the prime factors of 4599.
3, 7, 73
What are the prime factors of 3520?
2, 5, 11
What are the prime factors of 2847?
3, 13, 73
List the prime factors of 2141.
2141
List the prime factors of 3216.
2, 3, 67
List the prime factors of 9785.
5, 19, 103
What are the prime factors of 8566?
2, 4283
List the prime factors of 8763.
3, 23, 127
List the prime factors of 21021.
3, 7, 11, 13
What are the prime factors of 548?
2, 137
List the prime factors of 1275.
3, 5, 17
What are the prime factors of 15238?
2, 19, 401
What are the prime factors of 19702?
2, 9851
What are the prime factors of 5823?
3, 647
List the prime factors of 37871.
37871
What are the prime factors of 117181?
17, 61, 113
List the prime factors of 1130.
2, 5, 113
List the prime factors of 1663.
1663
What are the prime factors of 11632?
2, 727
What are the prime factors of 925?
5, 37
List the prime factors of 10450.
2, 5, 11, 19
What are the prime factors of 29578?
2, 23, 643
What are the prime factors of 1005?
3, 5, 67
List the prime factors of 13844.
2, 3461
List the prime factors of 4280.
2, 5, 107
List the prime factors of 4382.
2, 7, 313
List the prime factors of 72291.
3, 24097
What are the prime factors of 2516?
2, 17, 37
List the prime factors of 1738.
2, 11, 79
What are the prime factors of 1178?
2, 19, 31
What are the prime factors of 110946?
2, 3, 11, 41
List the prime factors of 10385.
5, 31, 67
List the prime factors of 141423.
3, 17, 47, 59
What are the prime factors of 8026?
2, 4013
What are the prime factors of 14009?
14009
List the prime factors of 96338.
2, 11, 29, 151
List the prime factors of 1356.
2, 3, 113
What are the prime factors of 3971?
11, 19
List the prime factors of 10670.
2, 5, 11, 97
What are the prime factors of 9046?
2, 4523
List the prime factors of 5180.
2, 5, 7, 37
List the prime factors of 90430.
2, 5, 9043
List the prime factors of 3346.
2, 7, 239
What are the prime factors of 6983?
6983
What are the prime factors of 203?
7, 29
What are the prime factors of 5661?
3, 17, 37
List the prime factors of 1795.
5, 359
What are the prime factors of 126311?
126311
What are the prime factors of 1315?
5, 263
List the prime factors of 8759.
19, 461
What are the prime factors of 12203?
12203
What are the prime factors of 189766?
2, 239, 397
List the prime factors of 9065.
5, 7, 37
What are the prime factors of 41664?
2, 3, 7, 31
List the prime factors of 1017.
3, 113
What are the prime factors of 40489?
19, 2131
What are the prime factors of 87?
3, 29
List the prime factors of 506.
2, 11, 23
What are the prime factors of 4120?
2, 5, 103
List the prime factors of 5988.
2, 3, 499
List the prime factors of 216.
2, 3
List the prime factors of 11462.
2, 11, 521
List the prime factors of 27195.
3, 5, 7, 37
List the prime factors of 46330.
2, 5, 41, 113
List the prime factors of 11439.
3, 31, 41
List the prime factors of 3176.
2, 397
What are the prime factors of 84127?
84127
List the prime factors of 15858.
2, 3, 881
List the prime factors of 42614.
2, 11, 13, 149
List the prime factors 